ivide 2001?
True
Is 2460 a multiple of 20?
True
Is 30 a factor of 11751?
False
Is 8460 a multiple of 180?
True
Is 13 a factor of 182?
True
Is 120 a factor of 6178?
False
Is 40263 a multiple of 18?
False
Does 6 divide 81?
False
Is 126 a factor of 6832?
False
Is 16 a factor of 554?
False
Does 16 divide 5504?
True
Is 37 a factor of 35567?
False
Is 11890 a multiple of 145?
True
Is 46 a multiple of 41?
False
Is 9 a factor of 1511?
False
Is 45050 a multiple of 34?
True
Is 30 a factor of 600?
True
Is 301 a multiple of 43?
True
Is 4520 a multiple of 144?
False
Is 1311 a multiple of 23?
True
Is 21 a factor of 2108?
False
Does 7 divide 260?
False
Is 16 a factor of 528?
True
Is 75 a multiple of 4?
False
Is 9 a factor of 1108?
False
Is 8 a factor of 13000?
True
Is 19 a factor of 2109?
True
Is 47 a factor of 18142?
True
Is 10 a factor of 35357?
False
Does 20 divide 89?
False
Is 5 a factor of 83?
False
Is 18 a factor of 972?
True
Is 15 a factor of 5581?
False
Is 15498 a multiple of 9?
True
Does 74 divide 26362?
False
Is 20160 a multiple of 180?
True
Is 20 a factor of 1618?
False
Is 6 a factor of 2760?
True
Is 45102 a multiple of 113?
False
Is 1128 a multiple of 12?
True
Is 200 a multiple of 72?
False
Is 11 a factor of 407?
True
Does 30 divide 1059?
False
Is 412 a multiple of 2?
True
Is 32 a factor of 598?
False
Is 770 a multiple of 77?
True
Does 13 divide 533?
True
Is 18732 a multiple of 12?
True
Is 3924 a multiple of 12?
True
Is 2476 a multiple of 74?
False
Is 61 a factor of 5513?
False
Is 3186 a multiple of 59?
True
Is 9896 a multiple of 82?
False
Is 36 a factor of 13968?
True
Is 102 even?
True
Is 16952 a multiple of 185?
False
Does 35 divide 13545?
True
Is 37 a factor of 441?
False
Is 21812 a multiple of 241?
False
Is 44 a factor of 4826?
False
Is 15 a factor of 1141?
False
Is 73526 a multiple of 319?
False
Is 102492 a multiple of 351?
True
Is 11775 a multiple of 26?
False
Is 483 a multiple of 21?
True
Is 30 a factor of 5760?
True
Is 1876 a multiple of 55?
False
Does 2 divide 18777?
False
Is 315 a multiple of 15?
True
Is 3960 a multiple of 20?
True
Is 912 a multiple of 57?
True
Is 109 a factor of 2000?
False
Does 37 divide 2886?
True
Does 8 divide 3113?
False
Is 4278 a multiple of 23?
True
Is 18 a factor of 2862?
True
Does 24 divide 33577?
False
Is 12 even?
True
Is 2131 a multiple of 16?
False
Is 20 a factor of 6260?
True
Is 6 a factor of 1979?
False
Does 8 divide 4672?
True
Does 117 divide 755?
False
Is 9 a factor of 9315?
True
Is 883 a multiple of 65?
False
Does 11 divide 3399?
True
Does 259 divide 63973?
True
Is 48569 a multiple of 17?
True
Is 86070 a multiple of 15?
True
Is 44 a multiple of 11?
True
Is 32 a factor of 4147?
False
Does 12 divide 14364?
True
Is 78 a factor of 114102?
False
Is 22554 a multiple of 42?
True
Does 46 divide 460?
True
Does 17 divide 1054?
True
Is 36 a factor of 16217?
False
Is 372 a multiple of 31?
True
Is 1749 a multiple of 4?
False
Is 19 a factor of 821?
False
Does 9 divide 3607?
False
Does 14 divide 3624?
False
Is 917 even?
False
Does 20 divide 8160?
True
Is 8 a factor of 827?
False
Is 26 a factor of 6942?
True
Is 344 a multiple of 14?
False
Does 43 divide 1012?
False
Is 24 a factor of 816?
True
Does 21 divide 7046?
False
Is 33470 a multiple of 39?
False
Does 80 divide 15144?
False
Does 63 divide 1575?
True
Does 29 divide 4727?
True
Does 10 divide 1390?
True
Is 16 a factor of 8544?
True
Does 370 divide 34040?
True
Is 23087 a multiple of 28?
False
Is 19 a factor of 2763?
False
Is 24768 a multiple of 208?
False
Is 17 a factor of 17?
True
Does 8 divide 304?
True
Does 10 divide 10?
True
Is 431 a multiple of 5?
False
Is 79 a factor of 6794?
True
Does 44 divide 23936?
True
Does 138 divide 15472?
False
Is 49 a factor of 953?
False
Is 21080 a multiple of 20?
True
Does 55 divide 795?
False
Does 32 divide 5247?
False
Is 35 a factor of 4443?
False
Is 132 a factor of 774?
False
Is 11304 a multiple of 36?
True
Does 2 divide 356?
True
Is 4160 a multiple of 80?
True
Is 26 a factor of 569?
False
Does 10 divide 28?
False
Is 48698 a multiple of 156?
False
Is 19 a factor of 13376?
True
Is 18 a factor of 57?
False
Does 48 divide 488?
False
Is 68 a factor of 1224?
True
Is 337 a multiple of 12?
False
Does 14 divide 2735?
False
Is 1630 a multiple of 132?
False
Is 104 a factor of 3744?
True
Does 55 divide 48180?
True
Is 312 a multiple of 6?
True
Is 949 a multiple of 9?
False
Is 506 a multiple of 7?
False
Does 125 divide 2162?
False
Is 45 a factor of 945?
True
Is 37 a factor of 1668?
False
Is 39 a factor of 51948?
True
Is 61 a factor of 519?
False
Is 46 a factor of 10514?
False
Does 29 divide 1015?
True
Is 4 a factor of 693?
False
Is 158 a factor of 13737?
False
Is 33501 a multiple of 113?
False
Is 4 a factor of 11?
False
Is 41 a factor of 2554?
False
Is 60681 a multiple of 330?
False
Does 40 divide 40?
True
Is 1712 a multiple of 15?
False
Is 1422 a multiple of 79?
True
Is 152 a factor of 4870?
False
Is 178 a factor of 2441?
False
Is 74 a factor of 5227?
False
Is 145 a factor of 167946?
False
Is 25032 a multiple of 14?
True
Is 30 a factor of 6300?
True
Is 26 a factor of 28288?
True
Is 200 a factor of 91728?
False
Is 108838 a multiple of 318?
False
Is 14832 a multiple of 70?
False
Is 984 a multiple of 21?
False
Is 972 a multiple of 20?
False
Is 20976 a multiple of 184?
True
Is 3864 a multiple of 28?
True
Is 15 a factor of 5220?
True
Does 24 divide 4300?
False
Is 48 a factor of 11103?
False
Is 54 a factor of 1782?
True
Is 1134 a multiple of 14?
True
Does 35 divide 44590?
True
Is 12 a factor of 1482?
False
Is 32 a factor of 1440?
True
Is 15147 a multiple of 81?
True
Does 96 divide 4128?
True
Does 14 divide 1041?
False
Is 168 a multiple of 8?
True
Is 5 a factor of 1850?
True
Does 7 divide 287?
True
Does 15 divide 725?
False
Does 16 divide 368?
True
Is 9 a factor of 684?
True
Does 59 divide 4012?
True
Is 20 a factor of 2860?
True
Does 15 divide 1890?
True
Is 35 a factor of 5926?
False
Does 3 divide 121?
False
Is 466 a multiple of 5?
False
Does 32 divide 1248?
True
Is 583 a multiple of 11?
True
Does 5 divide 9340?
True
Is 26 a factor of 1430?
True
Does 4 divide 120?
True
Does 6 divide 42?
True
Does 6 divide 11362?
False
Does 59 divide 13334?
True
Is 11 a factor of 570?
False
Is 195 a factor of 17570?
False
Is 16 a factor of 1338?
False
Does 7 divide 9511?
False
Is 15 a factor of 960?
True
Does 12 divide 540?
True
Does 25 divide 700?
True
Does 20 divide 36492?
False
Does 12 divide 10092?
True
Is 2500 a multiple of 100?
True
Is 17282 a multiple of 31?
False
Is 42 a multiple of 4?
False
Is 19 a factor of 3424?
False
Does 12 divide 2496?
True
Is 13 a factor of 1823?
False
Does 22 divide 264?
True
Does 18 divide 2412?
True
Does 38 divide 26904?
True
Is 16 a factor of 314?
False
Is 1056 a multiple of 8?
True
Does 154 divide 7933?
False
Does 23 divide 265?
False
Is 38 a factor of 1745?
False
Does 71 divide 6319?
True
Does 138 divide 18890?
False
Is 1401 a multiple of 74?
False
Is 15 a factor of 578?
False
Is 1802 a multiple of 4?
False
Is 85 a factor of 195?
False
Does 46 divide 184?
True
Is 731 a multiple of 30?
False
Is 91 a factor of 91?
True
Does 54 divide 287?
False
Is 12 a factor of 22032?
True
Is 2528 a multiple of 25?
False
Does 13 divide 37427?
True
Is 4732 a multiple of 92?
False
Does 31 divide 17081?
True
Does 17 divide 1309?
True
Is 172 a multiple of 4?
True
Is 409 a multiple of 34?
False
Is 59 a multiple of 3?
False
Is 1237 a multiple of 4?
False
Does 28 divide 919?
False
Does 8 divide 17894?
False
Is 8 a factor of 808?
True
Is 423 a multiple of 9?
True
Does 12 divide 916?
False
Is 20 a factor of 20300?
True
Is 69 a factor of 1108?
False
Does 54 divide 2650?
False
Is 13 a factor of 390?
True
Is 19 a factor of 18860?
False
Does 75 divide 21400?
False
Is 49 a factor of 27319?
False
Is 13 a factor of 428?
False
Does 11 divide 165?
True
Is 13 a factor of 9176?
False
Is 12 a factor of 1645?
False
Is 2 a factor of 191?
False
Is 12 a factor of 191?
False
Is 2320 a multiple of 80?
True
Is 19 a factor of 26447?
False
Is 22302 a multiple of 24?
False
Is 3 a factor of 10509?
True
Does 12 divide 168?
True
Is 190 a multiple of 38?
True
Does 82 divide 2378?
True
Is 31 a factor of 8866?
True
Is 25 a factor of 1216?
False
Does 15 divide 1905?
True
Is 16 a fa